{"id":9,"date":"2019-06-12T15:39:02","date_gmt":"2019-06-12T13:39:02","guid":{"rendered":"http:\/\/www.freepicasso.org\/wpaps\/?page_id=9"},"modified":"2019-10-17T20:23:10","modified_gmt":"2019-10-17T18:23:10","slug":"chi-siamo","status":"publish","type":"page","link":"https:\/\/www.freepicasso.org\/wpaps\/chi-siamo\/","title":{"rendered":"Chi siamo"},"content":{"rendered":"<p>L\u2019Acronimo, definito nel 2014 al momento della sua nascita, presenta gi\u00e0 la sua vocazione e la sua mission e &nbsp;d\u00e0 gi\u00e0 una risposta chiara: \u201cFREE P.I.C.A.S.So. APS\u201d (Liberi di Pari opportunit\u00e0 Integrazione Cultura Arte Servizi formativi e Solidariet\u00e0 APS) Per una Societ\u00e0 della Cultura e della Civilt\u00e0<\/p>\n<p><strong><u>FREE<\/u><\/strong> rimanda alla <strong>libert\u00e0<\/strong>, come valore primario, soggettivo, degli Associati e oggettivo, come categoria generale, che rappresenta l\u2019humus del Soggetto che \u00e8 stato costituito al servizio della Collettivit\u00e0 nella sua pi\u00f9 ampia articolazione.<\/p>\n<p><strong><u>P<\/u><\/strong><strong> Pari<\/strong> opportunit\u00e0 \u00e8 uno degli obiettivi da raggiungere attualissimo, purtroppo nelle sue criticit\u00e0<\/p>\n<p><strong><u>I<\/u><\/strong><strong> Integrazione<\/strong> resta un Tema da affrontare a 360\u00b0, pensando non solo ai diversamente abili, ma a tutti&nbsp;&nbsp; quei soggetti che rischiano l\u2019esclusione o l\u2019inclusione finalizzata a se stessa<\/p>\n<p><strong><u>C<\/u><\/strong><strong> Cultura<\/strong>, intendesi come strumento obiettivo, senza la quale NON \u00e8 possibile avere una Societ\u00e0 evoluta ideologicamente oltre che tecnologicamente, profondamente connessa con l\u2019Istruzione<\/p>\n<p><strong><u>A<\/u><\/strong><strong> Arte <\/strong>rappresenta altro grande volano di civilt\u00e0, dalla lettura del passato alla proiezione verso il futuro, intesa come espressione di libert\u00e0 del pensiero e dell\u2019espressione umana<\/p>\n<p><strong><u>S<\/u><\/strong><strong> Servizi formativi<\/strong> sono strumento nobilitante concreto di una Societ\u00e0 che non voglia escludere alcun Soggetto dalle dinamiche della crescita e dello sviluppo intellettivo prima che professionale, rendendolo capace di essere Attore e non elemento passivo nel mondo del lavoro<\/p>\n<p><strong><u>So<\/u><\/strong><strong> Solidariet\u00e0 <\/strong>rappresenta la chiave di volta di tutto l\u2019operato dell\u2019Associazione, che \u00e8 contraddistinta da una filosofia molto pragmatica: il fare per far crescere in modo equo, abbattendo barriere classiste di censo che una Societ\u00e0 moderna dovrebbe conoscere solo attraverso i libri di storia.<\/p>\n<p>Senza una Societ\u00e0 solidale \u00e8 impensabile sviluppare Economia Politica Scienza, rimanendo esse astrazioni utili solo a pochi, dunque, sostanzialmente, con potenzialit\u00e0 dannose.<\/p>\n<p>Tutte queste voci sono finalizzate, come si legge in epigrafe, <strong><em>Per una Societ\u00e0 della Cultura e della Civilt\u00e0.<\/em><\/strong><\/p>\n<p>L<strong>\u2019Associazione <\/strong>\u00e8 costituita da persone conosciute per la seriet\u00e0 e l\u2019impegno lavorativo. Accanto a docenti delle pi\u00f9 svariate discipline e professionisti del settore tecnologico e giuridico vi sono psicologi del lavoro e dell\u2019et\u00e0 evolutiva, che hanno dato un&nbsp; contributo concreto nell\u2019affrontare problematiche interessanti.<\/p>\n<p>&nbsp;<\/p>\n<div class=\"text_exposed_show\">\n<p>La Presidente Fiorella Fambrini<\/p>\n<\/div>\n","protected":false},"excerpt":{"rendered":"<p>L\u2019Acronimo, definito nel 2014 al momento della sua nascita, presenta gi\u00e0 la sua vocazione e la sua mission e &nbsp;d\u00e0 gi\u00e0 una risposta chiara: \u201cFREE P.I.C.A.S.So. APS\u201d (Liberi di Pari opportunit\u00e0 Integrazione Cultura Arte&#46;&#46;&#46;<\/p>\n","protected":false},"author":1,"featured_media":0,"parent":0,"menu_order":0,"comment_status":"closed","ping_status":"closed","template":"","meta":{"ngg_post_thumbnail":0},"_links":{"self":[{"href":"https:\/\/www.freepicasso.org\/wpaps\/wp-json\/wp\/v2\/pages\/9"}],"collection":[{"href":"https:\/\/www.freepicasso.org\/wpaps\/wp-json\/wp\/v2\/pages"}],"about":[{"href":"https:\/\/www.freepicasso.org\/wpaps\/wp-json\/wp\/v2\/types\/page"}],"author":[{"embeddable":true,"href":"https:\/\/www.freepicasso.org\/wpaps\/wp-json\/wp\/v2\/users\/1"}],"replies":[{"embeddable":true,"href":"https:\/\/www.freepicasso.org\/wpaps\/wp-json\/wp\/v2\/comments?post=9"}],"version-history":[{"count":6,"href":"https:\/\/www.freepicasso.org\/wpaps\/wp-json\/wp\/v2\/pages\/9\/revisions"}],"predecessor-version":[{"id":272,"href":"https:\/\/www.freepicasso.org\/wpaps\/wp-json\/wp\/v2\/pages\/9\/revisions\/272"}],"wp:attachment":[{"href":"https:\/\/www.freepicasso.org\/wpaps\/wp-json\/wp\/v2\/media?parent=9"}],"curies":[{"name":"wp","href":"https:\/\/api.w.org\/{rel}","templated":true}]}}